{"id":1372,"date":"2011-10-15T13:25:55","date_gmt":"2011-10-15T21:25:55","guid":{"rendered":"http:\/\/www.robotic-lab.com\/blog\/?page_id=1372"},"modified":"2011-10-15T13:31:23","modified_gmt":"2011-10-15T21:31:23","slug":"el-circuito-integrado-555","status":"publish","type":"page","link":"https:\/\/www.robotic-lab.com\/blog\/reportajes\/el-circuito-integrado-555\/","title":{"rendered":"&nbsp; El Circuito Integrado 555"},"content":{"rendered":"<p><img loading=\"lazy\" decoding=\"async\" class=\"aligncenter\" title=\"555\" src=\"http:\/\/upload.wikimedia.org\/wikipedia\/commons\/2\/21\/Signetics_NE555N.JPG\" alt=\"\" width=\"455\" height=\"349\" \/><\/p>\n<p><strong>Presentaci\u00f3n:<\/strong><\/p>\n<p>Es uno de los Circuitos Integrados m\u00e1s famosos, de los m\u00e1s utilizados.  Seg\u00fan el tipo de fabricante recibe una designaci\u00f3n distinta tal como  TLC555, LMC555, uA555, NE555C, MC1455, NE555, LM555, etc. aunque se lo  conoce como \u00abel 555\u00bb y ya todos saben de que se est\u00e1 hablando.<\/p>\n<p>Respecto al formato o encapsulado, puede ser circular met\u00e1lico, hasta los SMD, pasando por los DIL de 8 y 14 patillas.<\/p>\n<p>Existen versiones de bajo consumo con el mismo patillaje y versiones  dobles, es decir que contienen 2 circuitos iguales en su interior, que  comparten los terminales de alimentaci\u00f3n y se conocen con la designaci\u00f3n  gen\u00e9rica de 556, observa la siguiente imagen&#8230;<\/p>\n<p><img loading=\"lazy\" decoding=\"async\" class=\"aligncenter\" src=\"http:\/\/r-luis.xbot.es\/icdatos\/imagen\/55pin.gif\" alt=\"\" width=\"459\" height=\"137\" \/><\/p>\n<p><strong>Utilizaci\u00f3n:<\/strong><\/p>\n<p>Este circuito es un \u00abTimer de precisi\u00f3n\u00bb, en sus or\u00edgenes se present\u00f3  como un circuito de retardos de precisi\u00f3n, pero pronto se le encontraron  otra aplicaciones tales como osciladores astables, generadores de  rampas, temporizadores secuenciales, etc., consigui\u00e9ndose unas  temporizaciones muy estables frente a variaciones de tensi\u00f3n de  alimentaci\u00f3n y de temperatura.<\/p>\n<p><strong>Caracter\u00edsticas generales:<\/strong><\/p>\n<p>El circuito puede alimentarse con tensi\u00f3n continua comprendida entre 5 y  15 voltios, aunque hay versiones que admiten tensiones de alimentaci\u00f3n  hasta 2 V., pero no son de uso corriente. Si se alimenta a 5V es  compatible con la familia TTL.<\/p>\n<p>La corriente de salida m\u00e1xima puede ser de hasta 200mA., muy elevada  para un circuito integrado, permitiendo excitar directamente rel\u00e9s y  otros circuitos de alto consumo sin necesidad de utilizar componentes  adicionales. La estabilidad en frecuencia es de 0,005% por \u00baC.<\/p>\n<p>Necesita un n\u00famero m\u00ednimo de componentes exteriores, la frecuencia de  oscilaci\u00f3n se controla con dos resistencias y un condensador. Cuando  funciona como monoestable el retardo se determina con los valores de una  resistencia y de un condensador.<\/p>\n<p><strong>Diagrama de Bloques Interno:<\/strong><\/p>\n<p>El funcionamiento y las posibilidades de este circuito se pueden  comprender estudiando el diagrama de bloques. B\u00e1sicamente se compone de  dos amplificadores operacionales montados como comparadores, un circuito  biestable del tipo RS del que se utiliza su salida negada, un buffer de  salida inversor que puede entregar o absorber una corriente de 200mA. y  un transistor que se utiliza para descarga del condensador de  temporizaci\u00f3n.<\/p>\n<p><img loading=\"lazy\" decoding=\"async\" class=\"aligncenter\" src=\"http:\/\/r-luis.xbot.es\/icdatos\/imagen\/55block.gif\" alt=\"\" width=\"365\" height=\"233\" \/><\/p>\n<p>Una red de tres resistencias iguales fija los niveles de referencia en  la entrada inversora del primer operacional, y en la no inversora del  segundo operacional, a 2\/3 y 1\/3 respectivamente de la tensi\u00f3n de  alimentaci\u00f3n.<\/p>\n<p>Cuando la tensi\u00f3n en el terminal umbral (THRESHOLD) supera los 2\/3 de la  tensi\u00f3n de alimentaci\u00f3n, su salida pasa a nivel l\u00f3gico \u00ab1\u00bb, que se  aplica a la entrada R del biestable, con lo cual su salida negada, la  utilizada en este caso, pasa a nivel \u00ab1\u00bb, saturando el transistor y  comenzando la descarga del condensador, al mismo tiempo, la salida del  555 pasa a nivel \u00ab0\u00bb.<\/p>\n<p>Pasemos ahora al otro amplificador operacional, si la tensi\u00f3n aplicada a  la entrada inversora, terminal de disparo (TRIGGER), desciende por  debajo de 1\/3 de la tensi\u00f3n de alimentaci\u00f3n, la salida de este  operacional pasa a nivel alto, que se aplica al terminal de entrada S  del biestable RS, con lo que su salida se pone a nivel bajo, el  transisor de descarga deja de conducir y la salida del 555 pasa a nivel  l\u00f3gico alto.<\/p>\n<p>La gama de aplicaciones del circuito se incrementa, pues se dispone de  un terminal de reset, activo a nivel bajo, que se puede utilizar para  poner a nivel bajo la salida del 555 en cualquier momento.<\/p>\n<p style=\"text-align: center;\"><strong>Algunas de sus aplicaciones<\/strong><\/p>\n<p><strong>Circuito monoestable:<\/strong><\/p>\n<p>La salida del circuito es inicialmente cero, el transistor est\u00e1 saturado  y no permite la carga del condensador C1. Pero al pulsar SW1 se aplica  una tensi\u00f3n baja en el terminal de disparo TRIGGER, que hace que el  biestable RS cambie y en la salida aparezca un nivel alto. El transistor  deja de conducir y permite que el condensador C1 se cargue a trav\u00e9s de  la resistencia  R1. Cuando la tensi\u00f3n en el condensador supera los 2\/3  de la tensi\u00f3n de alimentaci\u00f3n, el biestable cambia de estado y la salida  vuelve a nivel cero.<\/p>\n<p>R2 esta entre 1k y 3,3 M, el valor m\u00ednimo de C1 es de 500pf.<\/p>\n<p><img loading=\"lazy\" decoding=\"async\" class=\"aligncenter\" src=\"http:\/\/r-luis.xbot.es\/icdatos\/imagen\/55mono.gif\" alt=\"\" width=\"349\" height=\"198\" \/><\/p>\n<p><strong>Circuito astable:<\/strong><\/p>\n<p>Cuando se conecta la alimentaci\u00f3n, el condensador est\u00e1 descargando y la  salida del 555 pasa a nivel alto hasta que el condensador, que se va  cargando, alcanza los 2\/3 de la tensi\u00f3n de alimentaci\u00f3n, con esto la  salida del biestable RS pasa a nivel \u00ab1\u00bb, y la salida del 555 a ceroy y  el condensador C1 comienza a descargarse a trav\u00e9s de la resistencia RB.  Cuando la tensi\u00f3n en el condensador C1 llega a 1\/3 de la alimentaci\u00f3n,  comienza de nuevo a cargarse, y asi sucesivamente mientras se mantenga  la alimentaci\u00f3n.<\/p>\n<p>RA toma valores entre 1k y 10M, RB&lt;RA<\/p>\n<p><img loading=\"lazy\" decoding=\"async\" class=\"aligncenter\" src=\"http:\/\/r-luis.xbot.es\/icdatos\/imagen\/55ast.gif\" alt=\"\" width=\"341\" height=\"199\" \/><\/p>\n<p><strong>Circuito astable con onda sim\u00e9trica:<\/strong><\/p>\n<p>En este circuito astable se muestra c\u00f3mo puede obtenerse una onda  sim\u00e9trica; el modo de hacerlo es que el condensador tarde el mismo  tiempo en cargarse que en descargarse, los caminos de carga y descarga  deben ser iguales y se separan con dos diodos. El condensador C2 evita  fluctuaciones de tensi\u00f3n en la entrada de control.<\/p>\n<p><img loading=\"lazy\" decoding=\"async\" class=\"aligncenter\" src=\"http:\/\/r-luis.xbot.es\/icdatos\/imagen\/55astsim.gif\" alt=\"\" width=\"409\" height=\"197\" \/><\/p>\n<p><strong>Terminal de Reset:<\/strong><\/p>\n<p>El terminal de reset puede conectarse directamente al positivo o bien  mantener el nivel alto por medio de una resistencia, por ejemplo de 2k2.  Al actuar sobre el pulsador, la salida del 555 pasa a nivel bajo  directamente. Es como poner el integrado en un estado de reposo.<\/p>\n<p><img loading=\"lazy\" decoding=\"async\" class=\"aligncenter\" src=\"http:\/\/r-luis.xbot.es\/icdatos\/imagen\/55rest.gif\" alt=\"\" width=\"217\" height=\"199\" \/><\/p>\n<p><strong>Modulaci\u00f3n del ancho de pulso:<\/strong><\/p>\n<p>Aplicando una se\u00f1al de nivel variable a la entrada de CONTROL el pulso  de salida aumenta de ancho al aumentar el nivel de esa tensi\u00f3n.<\/p>\n<p><img loading=\"lazy\" decoding=\"async\" class=\"aligncenter\" src=\"http:\/\/r-luis.xbot.es\/icdatos\/imagen\/55modpul.gif\" alt=\"\" width=\"273\" height=\"217\" \/><\/p>\n<p><strong>Modulaci\u00f3n del retardo de pulso:<\/strong><\/p>\n<p>Aqu\u00ed el pulso de salida aparece con mayor o menor retardo seg\u00fan aumente o disminuya la tensi\u00f3n aplicada al terminal de control.<\/p>\n<p><img loading=\"lazy\" decoding=\"async\" class=\"aligncenter\" src=\"http:\/\/r-luis.xbot.es\/icdatos\/imagen\/55retard.gif\" alt=\"\" width=\"241\" height=\"219\" \/><\/p>\n<p style=\"text-align: center;\"><em>Fuente: <a href=\"http:\/\/r-luis.xbot.es\/index.html\" target=\"_blank\">Rueda Luis<\/a> &#8211; M\u00e1s informaci\u00f3n: <a href=\"http:\/\/es.wikipedia.org\/wiki\/Circuito_integrado_555\" target=\"_blank\">Wikipedia<\/a><br \/>\n<\/em><\/p>\n","protected":false},"excerpt":{"rendered":"<p>Presentaci\u00f3n: Es uno de los Circuitos Integrados m\u00e1s famosos, de los m\u00e1s utilizados. Seg\u00fan el tipo de fabricante recibe una designaci\u00f3n distinta tal como TLC555, LMC555, uA555, NE555C, MC1455, NE555, LM555, etc. aunque se lo conoce como \u00abel 555\u00bb y ya todos saben de que se est\u00e1 hablando. Respecto al formato o encapsulado, puede ser [&hellip;]<\/p>\n","protected":false},"author":1,"featured_media":0,"parent":629,"menu_order":0,"comment_status":"open","ping_status":"closed","template":"","meta":{"footnotes":""},"class_list":["post-1372","page","type-page","status-publish","hentry"],"jetpack_shortlink":"https:\/\/wp.me\/P1YYAx-m8","jetpack_sharing_enabled":true,"jetpack-related-posts":[],"_links":{"self":[{"href":"https:\/\/www.robotic-lab.com\/blog\/wp-json\/wp\/v2\/pages\/1372","targetHints":{"allow":["GET"]}}],"collection":[{"href":"https:\/\/www.robotic-lab.com\/blog\/wp-json\/wp\/v2\/pages"}],"about":[{"href":"https:\/\/www.robotic-lab.com\/blog\/wp-json\/wp\/v2\/types\/page"}],"author":[{"embeddable":true,"href":"https:\/\/www.robotic-lab.com\/blog\/wp-json\/wp\/v2\/users\/1"}],"replies":[{"embeddable":true,"href":"https:\/\/www.robotic-lab.com\/blog\/wp-json\/wp\/v2\/comments?post=1372"}],"version-history":[{"count":7,"href":"https:\/\/www.robotic-lab.com\/blog\/wp-json\/wp\/v2\/pages\/1372\/revisions"}],"predecessor-version":[{"id":1376,"href":"https:\/\/www.robotic-lab.com\/blog\/wp-json\/wp\/v2\/pages\/1372\/revisions\/1376"}],"up":[{"embeddable":true,"href":"https:\/\/www.robotic-lab.com\/blog\/wp-json\/wp\/v2\/pages\/629"}],"wp:attachment":[{"href":"https:\/\/www.robotic-lab.com\/blog\/wp-json\/wp\/v2\/media?parent=1372"}],"curies":[{"name":"wp","href":"https:\/\/api.w.org\/{rel}","templated":true}]}}